number?
False
Is 7163173 a composite number?
False
Is 31565843 a prime number?
False
Is 4036537 prime?
True
Is 323201621 prime?
True
Is 23298923 a prime number?
False
Is 104053393 composite?
False
Is 85639342 a prime number?
False
Is 5168221 a prime number?
False
Is 3770509 a prime number?
False
Is 5802653 a prime number?
True
Is 4163729 prime?
False
Is 483361 a composite number?
True
Is 2789249 a composite number?
True
Is 38289677 composite?
False
Is 2370583 a composite number?
True
Is 71621169 a prime number?
False
Is 25099411 prime?
False
Is 4151401 composite?
True
Is 119059 a composite number?
True
Is 5690471 prime?
True
Is 1014607 a prime number?
False
Is 2432498 prime?
False
Is 7605527 a composite number?
False
Is 14000213 a prime number?
False
Is 47227 prime?
False
Is 851953 prime?
True
Is 80925703 a composite number?
False
Is 6363647 composite?
False
Is 3839423 a composite number?
True
Is 403092587 a composite number?
False
Is 87386989 composite?
False
Is 45306661 prime?
True
Is 34704647 composite?
True
Is 22905671 prime?
False
Is 4777609 composite?
True
Is 2271593 prime?
True
Is 1080247 composite?
True
Is 1191341 a composite number?
False
Is 2936998 a prime number?
False
Is 17769491 a composite number?
False
Is 82278901 prime?
True
Is 16511761 a prime number?
False
Is 22649861 composite?
True
Is 22569203 a composite number?
False
Is 54604321 a prime number?
True
Is 1422427946 a prime number?
False
Is 39507887 prime?
False
Is 25411423 composite?
False
Is 1361573 a prime number?
True
Is 1924889 a composite number?
False
Is 120811 prime?
True
Is 4354301 a prime number?
False
Is 10470947 composite?
False
Is 11763061 composite?
False
Is 989441 a prime number?
True
Is 168206671 prime?
True
Is 2883443 composite?
False
Is 7808057 a composite number?
True
Is 43861969 composite?
False
Is 15461871 prime?
False
Is 76202485 composite?
True
Is 2587183 a prime number?
True
Is 93458165 a composite number?
True
Is 395701 composite?
False
Is 4100269 prime?
True
Is 3735601 a composite number?
False
Is 2494819 a prime number?
True
Is 6729431 a composite number?
True
Is 48192697 a composite number?
True
Is 6615853 prime?
True
Is 489202451 a prime number?
True
Is 12893677 composite?
False
Is 37393583 composite?
False
Is 12566663 a prime number?
True
Is 3823471 prime?
False
Is 91283273 prime?
True
Is 177135547 prime?
True
Is 108798221 a prime number?
False
Is 406591 prime?
True
Is 1024469179 a prime number?
True
Is 157944419 prime?
True
Is 210092801 a prime number?
False
Is 688579 a composite number?
True
Is 50429143 prime?
True
Is 2224031 a prime number?
False
Is 2843011 prime?
False
Is 61186939 a composite number?
True
Is 34769177 a prime number?
True
Is 7750817 composite?
True
Is 2528621 prime?
True
Is 97327 a composite number?
False
Is 230719 a prime number?
True
Is 5446687 prime?
True
Is 3033229 a prime number?
True
Is 15948197 a prime number?
True
Is 18908663 a composite number?
False
Is 3120423 prime?
False
Is 582581 composite?
True
Is 856993 a prime number?
True
Is 484570711 a prime number?
True
Is 288166033 composite?
False
Is 337457831 composite?
True
Is 12894887 prime?
False
Is 437137 prime?
True
Is 256491587 prime?
False
Is 89218007 a composite number?
True
Is 86885009 a prime number?
True
Is 560826789 composite?
True
Is 35139413 a composite number?
False
Is 1147307 composite?
True
Is 401231167 prime?
True
Is 14958707 composite?
True
Is 214151 a composite number?
True
Is 13247657 prime?
True
Is 136807249 a prime number?
False
Is 657516563 a composite number?
True
Is 180625091 composite?
False
Is 118170499 prime?
True
Is 1299538 a composite number?
True
Is 88165591 composite?
False
Is 203676071 a prime number?
True
Is 10322435 a prime number?
False
Is 24852571 a composite number?
True
Is 1413331 composite?
True
Is 67368443 composite?
False
Is 105408841 composite?
True
Is 12986219 prime?
False
Is 299487769 prime?
False
Is 787567 a prime number?
False
Is 22220879 a composite number?
False
Is 210723293 prime?
False
Is 22647707 a composite number?
False
Is 10623073 composite?
True
Is 587516503 composite?
True
Is 584043 a prime number?
False
Is 2557037 a prime number?
False
Is 6129373 composite?
True
Is 113433653 prime?
True
Is 712680053 a composite number?
False
Is 6292489 a composite number?
True
Is 107775419 prime?
True
Is 4157563 a composite number?
False
Is 510479 a prime number?
False
Is 10998007 a prime number?
False
Is 68025554 a composite number?
True
Is 102125723 a composite number?
True
Is 2540261 composite?
False
Is 6894277 prime?
False
Is 1178921 a composite number?
False
Is 26106313 a composite number?
False
Is 8580703 prime?
False
Is 18299 a prime number?
False
Is 4215587 composite?
True
Is 918331621 composite?
False
Is 3822017 prime?
True
Is 128404979 prime?
False
Is 20234299 a prime number?
False
Is 7361129 composite?
False
Is 3241523 prime?
True
Is 2079395 composite?
True
Is 3526139 prime?
False
Is 7500197 a composite number?
False
Is 136559 a prime number?
True
Is 43569467 composite?
True
Is 45185233 a composite number?
True
Is 21501561 prime?
False
Is 6155711 prime?
True
Is 19650409 a composite number?
False
Is 5114983 a prime number?
True
Is 64738241 a composite number?
False
Is 59807399 a composite number?
False
Is 165992993 prime?
True
Is 303317 composite?
True
Is 24535279 prime?
True
Is 7278721 composite?
False
Is 1216769761 prime?
True
Is 32810839 a prime number?
True
Is 357317 a composite number?
True
Is 69172919 a prime number?
True
Is 14790431 composite?
False
Is 1214711 prime?
True
Is 501086 composite?
True
Is 6587821 prime?
False
Is 25822667 a composite number?
True
Is 46763831 a composite number?
False
Is 542319 a prime number?
False
Is 460637573 composite?
True
Is 18740959 a prime number?
False
Is 7558871 composite?
False
Is 2862107 prime?
False
Is 4513729 a prime number?
False
Is 117967397 composite?
True
Is 470715526 prime?
False
Is 1970879 a prime number?
False
Is 1214301617 a composite number?
False
Is 4710567 a composite number?
True
Is 6171791 composite?
True
Is 3159539 a composite number?
True
Is 11917331 a prime number?
False
Is 1206269 a composite number?
True
Is 17175874 composite?
True
Is 2013287 a prime number?
True
Is 24634913 prime?
True
Is 41431151 a composite number?
True
Is 9739297 a prime number?
True
Is 17848729 prime?
True
Is 25135079 composite?
True
Is 1937191 a composite number?
True
Is 61814633 prime?
True
Is 8302211 a prime number?
True
Is 7711334 a composite number?
True
Is 33326297 prime?
True
Is 5855309 a prime number?
True
Is 5622467 a prime number?
False
Is 60019 a composite number?
True
Is 6644021 a prime number?
False
Is 3788517 a prime number?
False
Is 3478303 composite?
False
Is 12969955 a prime number?
False
Is 325727 composite?
True
Is 224863183 prime?
True
Is 61798406 composite?
True
Is 19614917 a prime number?
False
Is 208921 prime?
False
Is 153191 composite?
False
Is 50440982 a composite number?
True
Is 835555921 a prime number?
True
Is 95645779 a composite number?
True
Is 12749537 composite?
False
Is 8077627 composite?
True
Is 3488483 composite?
True
Is 54328121 a prime number?
True
Is 4555657 prime?
False
Is 112987747 a prime number?
True
Is 1766186 prime?
False
Is 53930369 prime?
True
Is 285138793 a prime number?
True
Is 2145463 composite?
True
Is 18196067 a composite number?
True
Is 5345017 prime?
True
Is 6733033 prime?
True
Is 28297657 a prime number?
True
Is 9843661 a composite number?
False
Is 76034239 prime?
True
Is 23907937 a composite number?
False
Is 243461 prime?
True
Is 32247321 prime?
False
Is 16144621 a prime number?
False
Is 225887507 a composite number?
True
Is 168391 prime?
True
Is 11564077 composite?
True
Is 646669 a composite number?
False
Is 125502497 composite?
True
Is 2828453 a composite number?
False
Is 184856173 a composite number?
False
Is 61968443 a composite number?
True
Is 3185173 composite?
True
Is 3352942 a composite number?
True
Is 98632147 prime?
False
Is 4678741 prime?
True
Is 491417 a prime number?
True
Is 5685926 a composite number?
True
Is 3747739 a composite number?
True
Is 61103587 composite?
False
Is 1760947 prime?
True
Is 16296439 a composite number?
False
Is 36975269 a composite number?
False
Is 273697 composite?
False
Is 15315431 compo